15792564?
4
What is the tens digit of 501950004?
0
What is the hundred thousands digit of 422074942?
0
What is the tens digit of 22408556?
5
What is the hundred millions digit of 2374622822?
3
What is the hundred thousands digit of 584672460?
6
What is the thousands digit of 172779240?
9
What is the hundred thousands digit of 515286082?
2
What is the ten thousands digit of 1667598589?
9
What is the ten millions digit of 174905074?
7
What is the ten thousands digit of 1644906122?
0
What is the millions digit of 139421771?
9
What is the thousands digit of 142686240?
6
What is the millions digit of 534021837?
4
What is the ten millions digit of 418272550?
1
What is the hundred millions digit of 218970942?
2
What is the ten thousands digit of 61952504?
5
What is the units digit of 28039314?
4
What is the ten thousands digit of 1017060496?
6
What is the billions digit of 2249653421?
2
What is the ten thousands digit of 201974853?
7
What is the millions digit of 1578074770?
8
What is the millions digit of 1151922883?
1
What is the thousands digit of 60221671?
1
What is the hundreds digit of 70153324?
3
What is the hundreds digit of 25095974?
9
What is the thousands digit of 1589120500?
0
What is the ten millions digit of 94973420?
9
What is the units digit of 3267765721?
1
What is the ten millions digit of 71584279?
7
What is the ten millions digit of 63766538?
6
What is the millions digit of 3721910376?
1
What is the units digit of 46202959?
9
What is the ten millions digit of 148218921?
4
What is the millions digit of 1711494308?
1
What is the hundreds digit of 241468232?
2
What is the thousands digit of 147364655?
4
What is the thousands digit of 32814344?
4
What is the millions digit of 12753771?
2
What is the ten millions digit of 439796759?
3
What is the tens digit of 809680228?
2
What is the millions digit of 65003308?
5
What is the units digit of 65344180?
0
What is the hundred thousands digit of 39485037?
4
What is the hundred thousands digit of 78106984?
1
What is the tens digit of 937196041?
4
What is the hundred thousands digit of 386224?
3
What is the ten thousands digit of 282044092?
4
What is the ten millions digit of 1596096503?
9
What is the ten thousands digit of 795998740?
9
What is the tens digit of 3276187891?
9
What is the tens digit of 97726955?
5
What is the ten thousands digit of 20085816?
8
What is the units digit of 298139821?
1
What is the ten thousands digit of 23399274?
9
What is the thousands digit of 486061402?
1
What is the hundreds digit of 2200912079?
0
What is the tens digit of 55580423?
2
What is the millions digit of 1948346184?
8
What is the units digit of 14568862?
2
What is the thousands digit of 27586457?
6
What is the units digit of 132760201?
1
What is the ten thousands digit of 510639905?
3
What is the hundred millions digit of 1796299819?
7
What is the ten thousands digit of 82040779?
4
What is the ten thousands digit of 42412077?
1
What is the billions digit of 1003712036?
1
What is the units digit of 2032935968?
8
What is the tens digit of 6801634987?
8
What is the ten thousands digit of 66660303?
6
What is the tens digit of 1086404780?
8
What is the thousands digit of 155766196?
6
What is the thousands digit of 1363310958?
0
What is the units digit of 455203487?
7
What is the ten thousands digit of 2756869879?
6
What is the ten thousands digit of 107940170?
4
What is the millions digit of 55615916?
5
What is the tens digit of 314783434?
3
What is the tens digit of 139856893?
9
What is the tens digit of 1022851?
5
What is the tens digit of 274469975?
7
What is the millions digit of 1293508743?
3
What is the units digit of 53850817?
7
What is the thousands digit of 179375033?
5
What is the hundred thousands digit of 9886630?
8
What is the hundred thousands digit of 2408423894?
4
What is the hundred thousands digit of 2505973442?
9
What is the ten millions digit of 11750375?
1
What is the hundred thousands digit of 65144844?
1
What is the hundred millions digit of 1576638915?
5
What is the ten thousands digit of 9096388?
9
What is the hundreds digit of 487016324?
3
What is the hundreds digit of 203169457?
4
What is the ten millions digit of 527364223?
2
What is the hundred millions digit of 1247951858?
2
What is the hundreds digit of 729337596?
5
What is the hundreds digit of 20780538?
5
What is the ten thousands digit of 334433764?
3
What is the billions digit of 1171385783?
1
What is the ten thousands digit of 466174687?
7
What is the ten millions digit of 562850688?
6
What is the billions digit of 7500407725?
7
What is the millions digit of 40031422?
0
What is the hundred thousands digit of 1021757806?
7
What is the millions digit of 1251805691?
1
What is the hundred thousands digit of 237704415?
7
What is the hundreds digit of 946359196?
1
What is the millions digit of 27424075?
7
What is the hundred thousands digit of 138624981?
6
What is the units digit of 116392240?
0
What is the ten thousands digit of 75608447?
0
What is the tens digit of 280911207?
0
What is the millions digit of 25284063?
5
What is the hundred millions digit of 475771895?
4
What is the hundreds digit of 69841276?
2
What is the ten thousands digit of 255166673?
6
What is the hundred millions digit of 910981123?
9
What is the billions digit of 1526067865?
1
What is the ten thousands digit of 3325289636?
8
What is the ten millions digit of 2396535105?
9
What is the thousands digit of 328833451?
3
What is the hundreds digit of 89980806?
8
What is the tens digit of 1438732591?
9
What is the millions digit of 20883324?
0
What is the hundred millions digit of 292627382?
2
What is the thousands digit of 2528673477?
3
What is the ten thousands digit of 24325498?
2
What is the ten millions digit of 99793507?
9
What is the ten thousands digit of 24857842?
5
What is the tens digit of 3946582579?
7
What is the hundred millions digit of 854634991?
8
What is the ten thousands digit of 1714276?
1
What is the hundred thousands digit of 82014059?
0
What is the tens digit of 243730605?
0
What is the ten thousands digit of 190301385?
0
What is the hundred millions digit of 274152004?
2
What is the units digit of 1894502493?
3
What is the hundred millions digit of 2380198153?
3
What is the units digit of 79006641?
1
What is the units digit of 45466147?
7
What is the thousands digit of 46009777?
9
What is the hundred thousands digit of 354839569?
8
What is the ten millions digit of 262421075?
6
What is the hundreds digit of 54567786?
7
What is the tens digit of 448625522?
2
What is the hundred millions digit of 592451757?
5
What is the hundreds digit of 116577680?
6
What is the hundreds digit of 71528539?
5
What is the tens digit of 519540235?
3
What is the ten thousands digit of 257771566?
7
What is the units digit of 60055937?
7
What is the units digit of 174691613?
3
What is the thousands digit of 2940017535?
7
What is the tens digit of 346374353?
5
What is the thousands digit of 433516214?
6
What is the ten millions digit of 592624450?
9
What is the ten thousands digit of 33616383?
1
What is the ten thousands digit of 17855580?
5
What is the units digit of 80265745?
5
What is the units digit of 5813750078?
8
What is the tens digit of 4286332039?
3
What is the millions digit of 72121299?
2
What is the hundred thousands digit of 251958572?
9
What is the hundreds digit of 9949428?
4
What is the hundreds digit of 41765888?
8
What is the hundred thousands digit of 250802860?
8
What is the hundred millions digit of 251824794?
2
What is the ten thousands digit of 50564630?
6
What is the ten millions digit of 1933093351?
3
What is the hundred thousands digit of 2833821085?
8
What is the tens digit of 1443549872?
7
What is the units digit of 131896738?
8
What is the billions digit of 1470760122?
1
What is the hundreds digit of 4228481064?
0
What is the millions digit of 16529983?
6
What is the ten thousands digit of 684141658?
4
What is the millions digit of 911686784?
1
What is the millions digit of 57914026?
7
What is the hundreds digit of 19318279?
2
What is the millions digit of 254984789?
4
What is the hundreds digit of 47712733?
7
What is the units digit of 3126480772?
2
What is the hundred millions digit of 1334330406?
3
What is the millions 